{"id":444,"date":"2025-10-07T14:51:59","date_gmt":"2025-10-07T12:51:59","guid":{"rendered":"https:\/\/www.silentpc.sk\/blog\/?page_id=444"},"modified":"2025-10-07T15:14:04","modified_gmt":"2025-10-07T13:14:04","slug":"silent-pc-pocitace-na-mieru","status":"publish","type":"page","link":"https:\/\/www.silentpc.sk\/blog\/silent-pc-pocitace-na-mieru\/","title":{"rendered":"SILENT PC &#8211; Po\u010d\u00edta\u010de na Mieru"},"content":{"rendered":"\n<div class=\"wp-block-columns is-layout-flex wp-container-core-columns-is-layout-9d6595d7 wp-block-columns-is-layout-flex\">\n<div class=\"wp-block-column is-layout-flow wp-block-column-is-layout-flow\">\n<div class=\"wp-block-columns is-layout-flex wp-container-core-columns-is-layout-9d6595d7 wp-block-columns-is-layout-flex\">\n<div class=\"wp-block-column is-layout-flow wp-block-column-is-layout-flow\">\n<h3 class=\"wp-block-heading has-text-align-center\">Info v skratke<\/h3>\n<\/div>\n<\/div>\n\n\n\n<p>Sme spolo\u010dnos\u0165, ktor\u00e1 m\u00e1 viac ako 20+ ro\u010dn\u00e9 sk\u00fasenosti v oblasti IT a orientuje sa prim\u00e1rne na stavbu v\u00fdkonn\u00fdch a tich\u00fdch PC zost\u00e1v na mieru pre hr\u00e1\u010dov, grafikov, video tvorcov, \u010di streamerov. Na\u0161e slu\u017eby zah\u0155\u0148aj\u00fa kompletn\u00fd servis od n\u00e1vrhu individu\u00e1lnych komponentov, a\u017e po samotn\u00e9 zlo\u017eenie dan\u00fdch komponentov, \u00fapravu kabel\u00e1\u017ee, vizu\u00e1lne zladenie, in\u0161tal\u00e1ciu syst\u00e9mu a sw, testovanie v z\u00e1\u0165a\u017ei, taktovanie at\u010f.<\/p>\n<\/div>\n<\/div>\n\n\n\n<div class=\"wp-block-columns is-layout-flex wp-container-core-columns-is-layout-9d6595d7 wp-block-columns-is-layout-flex\">\n<div class=\"wp-block-column is-layout-flow wp-block-column-is-layout-flow\">\n<p>\ud83d\udd25 Tich\u00e9 a v\u00fdkonn\u00e9 hern\u00e9 Zostavy<br>\ud83d\udee0\ufe0f Individu\u00e1lny n\u00e1vrh a stavba komponentov<br>\ud83d\udc8e Individu\u00e1lny dizajn<br>\ud83d\udca6 Vodn\u00e9 chladenie<br>\ud83d\udda5 Servis PC<br>\u26a1\ufe0f Taktovanie a testovanie<br>\u2744\ufe0f Delid CPU<br>\u267b\ufe0f Renov\u00e1cia techniky<br>\ud83d\udcbb Poradenstvo v IT<\/p>\n<\/div>\n<\/div>\n\n\n\n<div class=\"wp-block-columns is-layout-flex wp-container-core-columns-is-layout-9d6595d7 wp-block-columns-is-layout-flex\">\n<div class=\"wp-block-column is-layout-flow wp-block-column-is-layout-flow\">\n<p>Ch\u00e1peme po\u017eiadavky trhu a preto okrem \u0161tandardn\u00fdch slu\u017eieb pon\u00fakame aj tie menej roz\u0161\u00edren\u00e9. Na\u0161\u00edm cie\u013eom je poskytn\u00fa\u0165 komplexn\u00e9 poradenstvo v oblasti Informa\u010dn\u00fdch technol\u00f3gi\u00ed a kvalitn\u00e9 slu\u017eby z\u00e1kazn\u00edkom. Individu\u00e1lny pr\u00edstup a spokojnos\u0165 z\u00e1kazn\u00edka s\u00fa pre n\u00e1s na prvom mieste.<\/p>\n<\/div>\n<\/div>\n\n\n\n<div class=\"wp-block-columns is-layout-flex wp-container-core-columns-is-layout-9d6595d7 wp-block-columns-is-layout-flex\">\n<div class=\"wp-block-column is-layout-flow wp-block-column-is-layout-flow\">\n<p>Okrem slu\u017eby Po\u010d\u00edta\u010d na mieru sa venujeme aj:<\/p>\n\n\n\n<div class=\"wp-block-columns is-layout-flex wp-container-core-columns-is-layout-9d6595d7 wp-block-columns-is-layout-flex\">\n<div class=\"wp-block-column is-layout-flow wp-block-column-is-layout-flow\">\n<p>\u2705 Komplexn\u00e9mu servisu v\u00fdpo\u010dtovej techniky<br>\u2705 Servisu Po\u010d\u00edta\u010dov<br>\u2705 Renov\u00e1cii techniky<br>\u2705 V\u0161eobecn\u00e9mu poradenstvu a spr\u00e1ve IT pre r\u00f4zne firmy<\/p>\n<\/div>\n<\/div>\n\n\n\n<div class=\"wp-block-columns is-layout-flex wp-container-core-columns-is-layout-9d6595d7 wp-block-columns-is-layout-flex\">\n<div class=\"wp-block-column is-layout-flow wp-block-column-is-layout-flow\">\n<p>Preto nev\u00e1hajte a obr\u00e1\u0165te sa na n\u00e1s s Va\u0161\u00edm probl\u00e9mom. Te\u0161\u00edme sa na spolupr\u00e1cu s Vami.<\/p>\n<\/div>\n<\/div>\n\n\n\n<div class=\"wp-block-columns is-layout-flex wp-container-core-columns-is-layout-9d6595d7 wp-block-columns-is-layout-flex\">\n<div class=\"wp-block-column is-layout-flow wp-block-column-is-layout-flow\">\n<p>S pozdravom t\u00edm SILENT PC.<\/p>\n<\/div>\n<\/div>\n<\/div>\n<\/div>\n\n\n\n<p><\/p>\n","protected":false},"excerpt":{"rendered":"<p>Info v skratke Sme spolo\u010dnos\u0165, ktor\u00e1 m\u00e1 viac ako 20+ ro\u010dn\u00e9 sk\u00fasenosti v oblasti IT a orientuje sa prim\u00e1rne na stavbu v\u00fdkonn\u00fdch a tich\u00fdch PC zost\u00e1v na mieru pre hr\u00e1\u010dov, grafikov, video tvorcov, \u010di streamerov.&hellip;<\/p>\n","protected":false},"author":1,"featured_media":0,"parent":0,"menu_order":0,"comment_status":"closed","ping_status":"closed","template":"","meta":{"footnotes":""},"class_list":["post-444","page","type-page","status-publish","hentry"],"_links":{"self":[{"href":"https:\/\/www.silentpc.sk\/blog\/wp-json\/wp\/v2\/pages\/444","targetHints":{"allow":["GET"]}}],"collection":[{"href":"https:\/\/www.silentpc.sk\/blog\/wp-json\/wp\/v2\/pages"}],"about":[{"href":"https:\/\/www.silentpc.sk\/blog\/wp-json\/wp\/v2\/types\/page"}],"author":[{"embeddable":true,"href":"https:\/\/www.silentpc.sk\/blog\/wp-json\/wp\/v2\/users\/1"}],"replies":[{"embeddable":true,"href":"https:\/\/www.silentpc.sk\/blog\/wp-json\/wp\/v2\/comments?post=444"}],"version-history":[{"count":8,"href":"https:\/\/www.silentpc.sk\/blog\/wp-json\/wp\/v2\/pages\/444\/revisions"}],"predecessor-version":[{"id":454,"href":"https:\/\/www.silentpc.sk\/blog\/wp-json\/wp\/v2\/pages\/444\/revisions\/454"}],"wp:attachment":[{"href":"https:\/\/www.silentpc.sk\/blog\/wp-json\/wp\/v2\/media?parent=444"}],"curies":[{"name":"wp","href":"https:\/\/api.w.org\/{rel}","templated":true}]}}